{"id":2,"date":"2016-05-10T03:48:21","date_gmt":"2016-05-10T03:48:21","guid":{"rendered":"http:\/\/wp.permanent-makeup-rathenow.de\/?page_id=2"},"modified":"2018-07-16T08:53:03","modified_gmt":"2018-07-16T07:53:03","slug":"sample-page","status":"publish","type":"page","link":"http:\/\/permanent-makeup-rathenow.de\/wordpress_01\/","title":{"rendered":"Home"},"content":{"rendered":"<p><big><big><big><big>Herzlich Willkommen<br \/>\n<small><small>in unserem Beauty-Studio<br \/>\n<small> in der Kleinen Waldemarstr. 5a, 14712 Rathenow<\/small> <\/small><\/small><\/big><\/big><\/big><\/big><\/p>\n<p>Tel. 0152 &#8211; 231 487 55<\/p>\n<p>&nbsp;<\/p>\n<p><big><big>Permanent Make Up erm\u00f6glicht es Ihnen, in Jedem Alter, Ihre nat\u00fcrlichen Vorz\u00fcge dauerhaft zu betonen und zu unterstreichen. Der tagt\u00e4gliche Zeitaufwand durch ein umfassendes Make up, wird durch ein Permanent Make up, auf ein Minimum reduziert.<\/big><\/big><\/p>\n<p><big><big>Als Ergebnis erhalten Sie ein perfektes Make up, welches nicht verwischt; ob bei Sauna, beim Sport<br \/>\noder beim Schwimmen.<\/big><\/big><\/p>\n","protected":false},"excerpt":{"rendered":"<p>Herzlich Willkommen in unserem Beauty-Studio in der Kleinen Waldemarstr. 5a, 14712 Rathenow Tel. 0152 &#8211; 231 487 55 &nbsp; Permanent Make Up erm\u00f6glicht es Ihnen, in Jedem Alter, Ihre nat\u00fcrlichen Vorz\u00fcge dauerhaft zu betonen und zu unterstreichen. Der tagt\u00e4gliche Zeitaufwand durch ein umfassendes Make up, wird durch ein Permanent Make up, auf ein Minimum reduziert. &hellip; <a href=\"http:\/\/permanent-makeup-rathenow.de\/wordpress_01\/\" class=\"read-more\">Read More<\/a><\/p>\n","protected":false},"author":1,"featured_media":0,"parent":0,"menu_order":0,"comment_status":"closed","ping_status":"closed","template":"","meta":{"footnotes":""},"_links":{"self":[{"href":"http:\/\/permanent-makeup-rathenow.de\/wordpress_01\/wp-json\/wp\/v2\/pages\/2"}],"collection":[{"href":"http:\/\/permanent-makeup-rathenow.de\/wordpress_01\/wp-json\/wp\/v2\/pages"}],"about":[{"href":"http:\/\/permanent-makeup-rathenow.de\/wordpress_01\/wp-json\/wp\/v2\/types\/page"}],"author":[{"embeddable":true,"href":"http:\/\/permanent-makeup-rathenow.de\/wordpress_01\/wp-json\/wp\/v2\/users\/1"}],"replies":[{"embeddable":true,"href":"http:\/\/permanent-makeup-rathenow.de\/wordpress_01\/wp-json\/wp\/v2\/comments?post=2"}],"version-history":[{"count":4,"href":"http:\/\/permanent-makeup-rathenow.de\/wordpress_01\/wp-json\/wp\/v2\/pages\/2\/revisions"}],"predecessor-version":[{"id":300,"href":"http:\/\/permanent-makeup-rathenow.de\/wordpress_01\/wp-json\/wp\/v2\/pages\/2\/revisions\/300"}],"wp:attachment":[{"href":"http:\/\/permanent-makeup-rathenow.de\/wordpress_01\/wp-json\/wp\/v2\/media?parent=2"}],"curies":[{"name":"wp","href":"https:\/\/api.w.org\/{rel}","templated":true}]}}